 1. Let g(m) = -c(m) - 5*x(m). Let h be g(-4). Suppose -5*j = -s - h*j + 3, 0 = 4*s - 2*j - 18. What is the units digit of s?
5
Suppose 0 = t - 2*d - 40, 4*t - 5*d = 2*t + 75. What is the tens digit of t?
5
Let i(l) = 50*l**3 - 2*l**2 - 7*l - 6. Let x(p) = 150*p**3 - 6*p**2 - 20*p - 17. Let f(t) = 17*i(t) - 6*x(t). What is the units digit of f(-1)?
1
What is the units digit of ((-5)/10)/(3 - 26836/8944)?
8
Let v = -4 + 3. Let u be 1 + ((-2)/v - -35). Suppose 2*j = -2*r + u, -25 - 4 = -2*j - 5*r. What is the tens digit of j?
2
Suppose -145*n = -154*n + 7128. What is the hundreds digit of n?
7
Suppose -d + 1374 = r, -5*d + 5488 - 1370 = 3*r. What is the tens digit of r?
7
Let w = 223 - 169. What is the tens digit of w?
5
Let m be 5/30 - (-827)/6. Let h = -89 + m. Suppose 2*w + 5*y - 73 = -2*w, 2*w + 5*y - h = 0. What is the units digit of w?
2
Suppose -3*c = -7*c. Let s = c + 3. Suppose 0 = s*f - 53 - 49. What is the tens digit of f?
3
Let s(t) = -t**3 - 12*t**2 + 10*t - 176. What is the hundreds digit of s(-17)?
0
Suppose -x + 225 = 89. Suppose 2*r - 6*r + x = 0. What is the tens digit of r?
3
Let r(h) = -h**2 + 5 - 4*h - 6*h + 0. Suppose 26 = -4*k - 2*j, 1 - 3 = 3*k + 5*j. What is the units digit of r(k)?
4
Let u = -57 - -57. Suppose 621 = 3*y - u*y. What is the hundreds digit of y?
2
Let q(v) be the first derivative of -5*v**2 - 11*v - 22. What is the units digit of q(-5)?
9
Let q = -6851 + 10130. What is the tens digit of q?
7
Let n = 3 + 2. Suppose -3*s + x + 2 = -0*x, -2*x = n*s + 15. What is the tens digit of (6*-12)/2*s?
3
Let p = -16 - -21. Suppose p*y - 63 = -z, 0 = z - 2*z + 5*y + 73. What is the tens digit of z?
6
Suppose 2*l + 0*d - 2560 = -2*d, -2*d = -3*l + 3820. What is the hundreds digit of l?
2
Let m(s) = 94*s - 16. What is the tens digit of m(1)?
7
Suppose 13*l = 11*l. Suppose l = h + a - 1, -7*a - 5 = -2*a. Suppose -3*s + 3*q = -0*q - 96, -h*q + 35 = s. What is the units digit of s?
3
Let g(h) = 16*h + 6. Let c = 10 + -10. Suppose -5*p = 2*o - 22 + 3, c = -4*p + 4*o + 4. What is the units digit of g(p)?
4
What is the tens digit of (-4)/((-16)/(-4580))*(-72)/90?
1
Let p be (-22)/((18/(-12))/(6/2)). What is the units digit of p/(-352) - -1*(-1138)/(-16)?
1
Suppose 2*f - 5*w = -w + 208, -4*f = -w - 416. What is the hundreds digit of f?
1
Let g be -4 - (-117 - 3)/3. Let d be 224/36 + (-8)/g. Suppose 0 = -d*h + 3*h + 30. What is the units digit of h?
0
Let u(y) = 7*y**2 + 10*y - 9. Let b(m) = -m**2 - 8*m - 8. Let n be b(-6). What is the hundreds digit of u(n)?
1
What is the thousands digit of 4*(-4)/(-16)*0 + 1468?
1
Let o be (-4)/(-14) - (-38)/(-133). Let c = o - 36. What is the units digit of c/198 + 246/22?
1
Let g be (-1 - 0) + (-26)/(-13). Suppose -4*n = -5*r + 14, -r + g = 2*n - n. Suppose -18 = r*h - 90. What is the tens digit of h?
3
Suppose -d + 3*d + 2*b = 34, -5*d + 2*b + 50 = 0. Let r = -8 + d. Suppose 21 = -n + r*n. What is the units digit of n?
7
Suppose -w + 225 = -5*k, k + 5*w = -0*w - 71. Let f = -27 - k. What is the units digit of f?
9
Suppose 0*c + 150 = 5*c. Suppose -72 = -4*z + 2*r, 3*z - 23 - c = 2*r. What is the units digit of z?
9
Suppose -5*w = -9*w + 20. Suppose 4*z - 24 = -2*p, -3*z - 77 = -w*p + 35. Suppose -2*l + p = -3*j, 4*l - 2*j + 0*j - 48 = 0. What is the tens digit of l?
1
Suppose -4529 = -3*g - 2*w, -96*w = 4*g - 100*w - 6032. What is the tens digit of g?
0
Suppose 0 = -7*s + 39 - 18. Let y = 0 - -3. Suppose -5*n + 113 = -y*x, -2*n + 4*n = -s*x + 41. What is the tens digit of n?
2
Let y be ((-8)/(-28))/(1/7). Suppose 2*s - 313 = -s - 4*j, 0 = y*s + 5*j - 218. What is the tens digit of s?
9
Suppose -4*m + 20 = 0, -14*z = -18*z - 2*m + 5458. What is the units digit of z?
2
Let j = 170 + -82. Let y = -16 + j. What is the units digit of (5 + 2)*y/42?
2
Suppose -4*p = -3*n + 35, p = -0*p - n. Let b = p + 2. What is the units digit of b/(6 - 3)*-7?
7
Let t(b) = -194*b + 2. Let w be t(-1). Suppose 9*y = 173 + w. What is the units digit of y?
1
Suppose 0*k - 3*k - 21 = 0. Let c(d) = -2*d**2 - 2*d + 2*d**2 + d**2 - 6 + 6*d. What is the units digit of c(k)?
5
Let q be -6*2/(4/3). Let p(b) = -b**3 - 9*b**2 - b - 7. Let a be p(q). Suppose -45 = -4*k + a*k + 3*m, 3*k - 115 = -5*m. What is the tens digit of k?
3
Let y be (-1 - 5/25)*10/(-4). Suppose -t - 2*t + 9 = 0. Suppose 4*r + 2*l = 72, t*r - r - 36 = -y*l. What is the tens digit of r?
1
Suppose 15 = -0*k + 3*k. Suppose -2 = -3*f - k. Let g(l) = -12*l**3. What is the tens digit of g(f)?
1
Suppose -y + 2*b - 30 = -2*y, -2*y = -b - 60. Suppose -3*x - y = 3*x. Let m(o) = -o**3 - 6*o**2 - 7*o - 9. What is the units digit of m(x)?
1
Let k(b) = 11*b - 18. What is the units digit of k(3)?
5
Suppose 4*d + 2*w = 92, 2*w = d - 2*w - 5. Let x = 24 - d. What is the units digit of 712/12 - 1/x?
9
Let z be 4/(-3 - 17/(-5)). Let h be 4/z - 36/(-10). Suppose -8*x = -6*x, 0 = -h*m - 5*x + 36. What is the units digit of m?
9
Suppose 4*j - 9308 = -5*m, -28*j + 25*j - 3714 = -2*m. What is the tens digit of m?
6
Let f(x) = 26*x**2 + 17*x - 46. What is the hundreds digit of f(7)?
3
Let n(v) = v**2 + 3 - 2*v**2 + 5*v**2 - 2*v - 2*v**2. Let z be n(-4). Suppose 0*b = -3*b - 2*l + z, 2*b - l - 17 = 0. What is the units digit of b?
1
Suppose 0 = -2*f + 5*c + 1106, 2798 = 5*f + 14*c - 10*c. What is the tens digit of f?
5
What is the hundreds digit of ((-90)/(-12))/(2/164)?
6
Let s(d) = d**2 - 4*d + 5. Let p be s(3). Suppose -5*l = 3*y - 26, 13 + 7 = p*y + 4*l. Suppose -9 = -y*t + 79. What is the units digit of t?
4
Let w = -13 + 16. Suppose 6*k - 9*k = -w. What is the units digit of k - (-39 - 3)/2?
2
Let r(n) = -3*n - 10. Let u be r(-5). Suppose -4*h + 15 = -u, 3*g = h + 334. What is the units digit of g?
3
Suppose 55*y - 91589 = -12*y. What is the thousands digit of y?
1
Suppose -2*k = -3*u + 6*u - 14, -4*k = -u. Suppose 548 = 4*v - u*n, -687 = -5*v + n + 2*n. Suppose 0 = -7*a + 10*a - v. What is the units digit of a?
6
Let z(t) = t**3 + 3*t**2 - 8*t + 2. Let o be z(-5). Let j be o/(-4)*3/2. Let w(v) = -v**3 + 6*v**2 - 1. What is the units digit of w(j)?
6
Let h(b) = -66*b - 3. Let k be h(5). Let y = -194 - k. What is the tens digit of y?
3
Suppose -3*h + 625 = -2*h - 4*z, -h - 5*z + 625 = 0. What is the tens digit of h?
2
Let h(b) = 68*b**2 - 11*b - 38. What is the hundreds digit of h(-3)?
6
What is the tens digit of ((-522)/3)/((-9)/6)?
1
Let c = 17 + -17. Suppose 5*z + 3*z - 40 = c. What is the units digit of z?
5
Let b be ((-3)/1)/((-3)/2). Suppose d + 3*d - 116 = 5*u, 0 = b*d + 2*u - 76. Suppose 2*r = 5*r + h - d, -8 = -2*h. What is the units digit of r?
0
Suppose 4*h - 2*c = -56, h + 0*h + 4*c = 4. Let r(b) = -10*b + 41. What is the tens digit of r(h)?
6
Let g(f) = -13*f - 4. Let a be g(-6). What is the units digit of a + (-2 - -4 - 6)?
0
Suppose -5*i + 3*w + 75 + 57 = 0, 0 = -i - 2*w + 16. What is the tens digit of 8/i - (-266)/3?
8
Let p(n) = -n**3 + 28*n**2 - 94*n + 58. What is the units digit of p(24)?
6
Let i(w) = w**3 - 16*w**2 - 5*w + 11. Let j be i(16). Let m = j - -113. What is the tens digit of m?
4
What is the units digit of (-86)/4*(-45 - -27)?
7
Let q = 1626 + -1096. Let h = q + -302. What is the hundreds digit of h?
2
Suppose 0 = -3*o - 40 + 7. What is the tens digit of 2*2/(-4)*o?
1
Let g(l) = 83*l**2 + 18*l + 27. What is the hundreds digit of g(-4)?
2
Let v be (10 - 3) + -4 + -4. Let m = 1 + v. Suppose 4*n = -m*n + 40. What is the units digit of n?
0
Suppose -6*t = -0*t. Let u = -9 - t. Let i = 15 + u. What is the units digit of i?
6
Let c(m) = -m**2 + 8*m - 7. Let y(d) = 23*d + 45. Let g(h) = 8*h + 15. Let n(f) = 17*g(f) - 6*y(f). Let x be n(-10). What is the units digit of c(x)?
8
What is the tens digit of 22/2*(3 + 206)?
9
Let v(q) = -6*q + 624. What is the hundreds digit of v(-18)?
7
Let j = -123 + 368. What is the units digit of j?
5
What is the units digit of (1892/(-6))/(26/(-78))?
6
Let k(l) = -8*l**3 + 4*l**2 - 5*l - 16. What is the units digit of k(-4)?
0
Let k(z) = -z**3 + 9*z**2 - 8*z - 1. Let c(j) = -j**3 - 5*j**2 + 3*j - 10. Let a be c(-6). Let y = a + -1. What is the tens digit of k(y)?
4
Suppose 0*s - 612 = -12*s. Suppose -s = -11*j + 8*j. What is the tens digit of j?
1
What is the units digit of 39771/108 - (6/(-8) - -1)?
8
Let l = -129 